he remainder when 2684 is divided by 191.
10
What is the remainder when 223 is divided by 80?
63
Calculate the remainder when 1435 is divided by 48.
43
Calculate the remainder when 2104 is divided by 81.
79
Calculate the remainder when 80792 is divided by 14.
12
What is the remainder when 237 is divided by 43?
22
Calculate the remainder when 2237 is divided by 323.
299
What is the remainder when 18748 is divided by 25?
23
What is the remainder when 240 is divided by 27?
24
Calculate the remainder when 78 is divided by 8.
6
Calculate the remainder when 41 is divided by 7.
6
Calculate the remainder when 2024 is divided by 18.
8
Calculate the remainder when 211 is divided by 1.
0
What is the remainder when 2552 is divided by 63?
32
Calculate the remainder when 273 is divided by 74.
51
What is the remainder when 399 is divided by 13?
9
Calculate the remainder when 659 is divided by 217.
8
Calculate the remainder when 1672 is divided by 416.
8
Calculate the remainder when 336 is divided by 114.
108
Calculate the remainder when 1120 is divided by 17.
15
Calculate the remainder when 58 is divided by 19.
1
What is the remainder when 1484 is divided by 31?
27
What is the remainder when 246 is divided by 149?
97
What is the remainder when 1751 is divided by 12?
11
Calculate the remainder when 999 is divided by 29.
13
What is the remainder when 348 is divided by 13?
10
What is the remainder when 485 is divided by 9?
8
Calculate the remainder when 1657 is divided by 104.
97
Calculate the remainder when 3118 is divided by 25.
18
Calculate the remainder when 107 is divided by 22.
19
Calculate the remainder when 21 is divided by 8.
5
Calculate the remainder when 521 is divided by 70.
31
What is the remainder when 3085 is divided by 86?
75
What is the remainder when 500 is divided by 319?
181
Calculate the remainder when 90 is divided by 4.
2
What is the remainder when 88 is divided by 30?
28
Calculate the remainder when 336 is divided by 18.
12
Calculate the remainder when 283 is divided by 9.
4
What is the remainder when 366 is divided by 65?
41
What is the remainder when 122 is divided by 109?
13
What is the remainder when 600 is divided by 24?
0
Calculate the remainder when 23657 is divided by 52.
49
What is the remainder when 69 is divided by 26?
17
Calculate the remainder when 79 is divided by 61.
18
What is the remainder when 853 is divided by 84?
13
What is the remainder when 171 is divided by 25?
21
Calculate the remainder when 910 is divided by 61.
56
Calculate the remainder when 68 is divided by 31.
6
What is the remainder when 112 is divided by 31?
19
Calculate the remainder when 102 is divided by 56.
46
Calculate the remainder when 872 is divided by 192.
104
Calculate the remainder when 81 is divided by 4.
1
Calculate the remainder when 77 is divided by 22.
11
What is the remainder when 100 is divided by 33?
1
What is the remainder when 43 is divided by 24?
19
What is the remainder when 624 is divided by 314?
310
What is the remainder when 286 is divided by 64?
30
What is the remainder when 14003 is divided by 4664?
11
Calculate the remainder when 400 is divided by 193.
14
Calculate the remainder when 14675 is divided by 141.
11
What is the remainder when 27 is divided by 11?
5
What is the remainder when 214 is divided by 51?
10
Calculate the remainder when 4883 is divided by 111.
110
What is the remainder when 135 is divided by 49?
37
What is the remainder when 21 is divided by 21?
0
Calculate the remainder when 281 is divided by 7.
1
What is the remainder when 7902 is divided by 8?
6
What is the remainder when 19 is divided by 8?
3
What is the remainder when 271 is divided by 124?
23
Calculate the remainder when 278 is divided by 93.
92
Calculate the remainder when 421 is divided by 17.
13
What is the remainder when 158 is divided by 55?
48
Calculate the remainder when 5079 is divided by 22.
19
What is the remainder when 276 is divided by 95?
86
What is the remainder when 118 is divided by 24?
22
What is the remainder when 301 is divided by 44?
37
Calculate the remainder when 103 is divided by 21.
19
Calculate the remainder when 305 is divided by 115.
75
Calculate the remainder when 342 is divided by 143.
56
What is the remainder when 1126 is divided by 29?
24
Calculate the remainder when 25785 is divided by 21.
18
What is the remainder when 386 is divided by 30?
26
Calculate the remainder when 515 is divided by 83.
17
What is the remainder when 112 is divided by 105?
7
What is the remainder when 395 is divided by 9?
8
What is the remainder when 551 is divided by 43?
35
What is the remainder when 4 is divided by 3?
1
Calculate the remainder when 47 is divided by 18.
11
Calculate the remainder when 191 is divided by 180.
11
Calculate the remainder when 567 is divided by 142.
141
Calculate the remainder when 25127 is divided by 12.
11
What is the remainder when 1407 is divided by 64?
63
What is the remainder when 4009 is divided by 73?
67
Calculate the remainder when 5499 is divided by 131.
128
What is the remainder when 1799 is divided by 198?
17
Calculate the remainder when 215 is divided by 69.
8
What is the remainder when 375 is divided by 91?
11
What is the remainder when 645 is divided by 135?
105
Calculate the remainder when 562 is divided by 189.
184
Calculate the remainder when 11975 is divided by 12.
11
Calculate the remainder when 897 is divided by 90.
87
Calculate the remainder when 233 is divided by 18.
17
What is the remainder when 539 is divided by 9?
8
What is the remainder when 2415 is divided by 13?
10
Calculate the remainder when 160 is divided by 73.
14
Calculate the remainder when 1117 is divided by 14.
11
What is the remainder when 85 is divided by 37?
11
Calculate the remainder when 95 is divided by 43.
9
Calculate the remainder when 326 is divided by 65.
1
What is the remainder when 14412 is divided by 5?
2
What is the remainder when 372 is divided by 94?
90
What is the remainder when 69 is divided by 12?
9
Calculate the remainder when 11230 is divided by 9.
7
Calculate the remainder when 1281 is divided by 215.
206
What is the remainder when 123 is divided by 46?
31
Calculate the remainder when 227 is divided by 11.
7
What is the remainder when 151 is divided by 31?
27
Calculate the remainder when 520 is divided by 57.
7
What is the remainder when 1222 is divided by 200?
22
Calculate the remainder when 3831 is divided by 764.
11
What is the remainder when 387 is divided by 50?
37
What is the remainder when 514 is divided by 121?
30
What is the remainder when 540 is divided by 222?
96
What is the remainder when 203 is divided by 34?
33
Calculate the remainder when 222 is divided by 25.
22
Calculate the remainder when 82 is divided by 25.
7
What is the remainder when 20 is divided by 4?
0
Calculate the remainder when 229 is divided by 113.
3
Calculate the remainder when 2396 is divided by 100.
96
What is the remainder when 48 is divided by 9?
3
Calculate the remainder when 9909 is divided by 236.
233
Calculate the remainder when 187 is divided by 34.
17
What is the remainder when 70 is divided by 19?
13
Calculate the remainder when 965 is divided by 469.
27
Calculate the remainder when 41 is divided by 15.
11
Calculate the remainder when 604 is divided by 152.
148
What is the remainder when 743 is divided by 189?
176
Calculate the remainder when 95 is divided by 48.
47
Calculate the remainder when 233 is divided by 47.
45
Calculate the remainder when 153 is divided by 22.
21
Calculate the remainder when 1447 is divided by 131.
6
What is the remainder when 569 is divided by 38?
37
Calculate the remainder when 6909 is divided by 48.
45
What is the remainder when 117 is divided by 93?
24
What is the remainder when 3393 is divided by 3391?
2
What is the remainder when 343 is divided by 15?
13
Calculate the remainder when 1399 is divided by 695.
9
What is the remainder when 93 is divided by 35?
23
What is the remainder when 299 is divided by 78?
65
What is the remainder when 432 is divided by 15?
12
Calculate the remainder when 427 is divided by 32.
11
Calculate the remainder when 605 is divided by 44.
33
What is the remainder when 8958 is divided by 2982?
12
What is the remainder when 783 is divided by 66?
57
What is the r